5
Let s(q) = -q - 19. Let j be s(-19). Let k(z) = j*z - 338 + z + 342. Give k(6).
10
Let d(a) = 10*a - 13. Let k = 123 + -129. Let f(c) = 8*c - 12. Let i(h) = k*f(h) + 5*d(h). Suppose 0 = -u - 4*l + 10, 2*u = -u - 5*l + 2. Calculate i(u).
-5
Let c(m) = -m**3 + 6*m**2 - 4*m. Let o = -180 + 188. Suppose o = 16*k - 56. Calculate c(k).
16
Let z(p) be the second derivative of 79*p**3/6 + 7*p**2/2 - 1861*p + 1. What is z(0)?
7
Let k = -14260 + 14258. Let t(c) = c**2 + 13*c + 23. Give t(k).
1
Let h(t) = 2*t**2 + 3*t - 5. Let f(s) = -2*s**2 + 6 - 6*s + 4*s + 0*s - 2*s. Let o(r) = -4*f(r) - 5*h(r). Suppose x + 4 = 0, d = 31*x - 33*x - 9. Give o(d).
-2
Let c(t) = t**2 - 14*t + 13. Let p be c(13). Let q(y) be the first derivative of -y**4/4 + 6*y + 20. Calculate q(p).
6
Let q(r) = -9*r - 16. Suppose -6*g + 11*g + 5*f + 25 = 0, 0 = 4*g + f + 29. What is q(g)?
56
Let c be (-11)/121 - (-43)/(-11). Let t be 6/(6 + c + 0). Let p(k) = -2*k**3 + 2*k**2 - k + 1. What is p(t)?
-38
Let c be (-9)/36 + (312/(-56))/(20/35). Let h(q) = q**3 + 11*q**2 + 5*q + 14. Calculate h(c).
64
Let t be 4/18 + (480/(-27))/(-10). Let r(u) = -2*u - 653*u**3 - u + 6*u**t + 652*u**3 + 2. Let p be (-2)/(-4)*16/2. Give r(p).
22
Let b(r) = 2*r**2 + r - 3. Let c = -277 + 314. Suppose -c = 13*a - 11. Give b(a).
3
Let n(g) = -g**2 + 24*g + 4623. Let r be n(-57). Let b(u) = -u**3 + 7*u**2 - 11*u + 43. What is b(r)?
13
Let b(m) = -7*m**3 + 24*m**2 - 13*m + 93. Let s(c) = -2*c**3 + 2*c**2 + 2*c + 22. Let p(y) = -b(y) + 3*s(y). Calculate p(17).
7
Let g(k) = -2*k**3 - 23*k**2 - 37*k - 76. Let a(r) = -r**2 + 1681*r - 16720. Let v be a(10). Determine g(v).
-6
Let b(l) = 3*l**2 - 3 + 0 + 6*l - 2*l**2. Let c = 79 + -85. Let v be (c - -2) + 1 + -2. Determine b(v).
-8
Let a(m) = -m + 10. Let o be a(8). Let y(z) = -3*z**2 + z + 2. Let k be y(0). Suppose o = -3*i + k*i. Let q(r) = -r**2 - 4*r - 2. Calculate q(i).
2
Let t be (-1)/(21/6 - 3) - (25 - 18). Suppose a = 2*j - a + 4, 4*j + 5*a - 37 = 0. Let o(r) = -1 + 9*r**2 + r**j - 5 + 2 - 3. What is o(t)?
-7
Let l(w) = w. Let x(h) = -19*h. Let d be (4/1)/4 - 0. Let c be 9/d - (5 - 1). Let z(f) = c*l(f) + x(f). Give z(1).
-14
Let a(o) be the second derivative of 8*o**3 + 10*o**2 + 8808*o. What is a(3)?
164
Let g(u) = -u - 2. Suppose f = 2*f - 2, 0 = 4*a + 3*f + 34. Let d = -20 + 35. Let i = d + a. Give g(i).
-7
Let s = 10 + -12. Suppose 0*c = -3*c - 5*z - 4, -c + 4*z + 10 = 0. Let u(g) = -c - 16*g + 4*g + 8*g. What is u(s)?
6
Let u(q) = -q**2 - q + 2. Suppose -3*r + 3*n + 21 - 3 = 0, -4*r + 5*n + 28 = 0. Suppose r*h = 4*g + 10, -4 = -3*h + g + 16. Suppose -7*w = 9*w - h*w. Give u(w).
2
Let u(q) be the first derivative of 3*q**2/2 + 18*q + 796. Determine u(-7).
-3
Let w(m) = 7*m**3 - m**2 + 2. Let u be (-9)/(-1) + 7 - 4. Suppose -10 + u = -2*p. What is w(p)?
-6
Let a(f) = 2*f + 1. Let j be a(-1). Let v(b) = 5*b**3 - 205*b**2 - 686*b**2 + 2*b - b + 893*b**2. Give v(j).
-4
Let l(j) = j**3 - j**2 - 9*j - 7. Let i = 10944 + -10939. Calculate l(i).
48
Let n(g) = -g**3 - 3*g**2 + 4*g + 4. Let i = -342 - -334. Let k(j) = 14*j + 6 - 2 - 13*j. Let d be k(i). Determine n(d).
4
Let s(x) = -x**3 + 4*x**2 + 3*x + 14. Let n be s(5). Let h(k) = -k**3 + 4*k**2 - 3*k + 3. Determine h(n).
-9
Let w(u) = -u**3 + u + 1. Let i(x) = -x - 15. Let b be i(-16). Let f(n) = -2*n - 1 + b - 3 + 2. Let q be f(0). Give w(q).
1
Let q(b) = b**2 + 4*b - 4. Let p be 1070/(-3)*306/(-68). Suppose -2*h - p + 1593 = 0. Determine q(h).
8
Let v(l) be the first derivative of 2*l**3/3 + 27*l**2/2 + 13*l + 2. Suppose 8*p = -48422 + 48318. What is v(p)?
0
Let z(g) = -g**3 + 8*g**2 + 11*g - 12. Let j be z(9). Let t(r) = r**3 - 2*r. Let a be t(2). Let w(y) = -6*y + 5*y**2 - 5 + 2*y - a*y - 4*y**2. Determine w(j).
-17
Suppose b - 2*b = 5. Suppose -60 = -17*w + 14*w. Let t(d) = -21 + 2*d + 59 - w - 16. Determine t(b).
-8
Let s(o) be the second derivative of o**6/360 - o**5/20 + o**4/8 + 8*o**3/3 - 16*o + 2. Let w(u) be the second derivative of s(u). Give w(4).
-5
Let w(r) be the third derivative of -r**5/60 + 5*r**4/12 - 2*r**3 - r**2 + 13*r. Let h = 126 - 118. What is w(h)?
4
Let l = -45 - -44. Let k(t) = 3*t**3 - 5*t**2 - t - 1. Let w(b) = b**3 - b**2 + 1. Let c(j) = l*k(j) + 4*w(j). Let x(m) = m + 7. Let u be x(-7). What is c(u)?
5
Suppose 24*w = -39*w - 882. Let r(p) = p**2 + 17*p + 10. Determine r(w).
-32
Let z(n) be the first derivative of -9*n**2/2 - 4*n - 2. Suppose 931*r - 20 = 941*r. Let w(o) = 27*o + 13. Let t(g) = r*w(g) - 7*z(g). Calculate t(-2).
-16
Let w(d) = 15*d**2 + 38 - 32 + 139*d - 140*d. Calculate w(3).
138
Let w(b) = -5*b - 48. Suppose 0 = 21*s - 540 - 550 + 1258. Determine w(s).
-8
Let b(g) = g**2 - 6*g - 9. Suppose 0 = 3*l - 18, -d + 78*l = 83*l - 39. Calculate b(d).
18
Let z = 30233 + -30221. Let j(r) be the first derivative of z + 6*r + 1/2*r**2. Determine j(-7).
-1
Let k(c) = -c**2 - 8*c + 1. Suppose -5*p = 2*m - 43, -3*m = 4 - 1. Suppose 4*l - 29 = -3*w, w + 0*l - p = -l. Suppose 10*g + w = 9*g. Give k(g).
8
Let m = 167 + 2263. Let i(f) = m*f - 2 + 2 - 2429*f. Determine i(-7).
-7
Let u(y) = -y**3 - 12*y**2 - 29*y - 20. Let l be 12/(-90) + (11 - (-2980)/(-150)). Calculate u(l).
-2
Suppose -8*j + 31 = 15. Let w(b) = -39*b**2 - 1 + 22*b**j + 16*b**2. What is w(-2)?
-5
Suppose -15*d + 28*d - 20 = -85. Let z(i) = -47*i - 9 + 2 + 45*i. What is z(d)?
3
Let j = -96 - -129. Suppose -h = 3*a + j, 10 + 13 = -h - a. Let f(q) = q**3 + 17*q**2 - 18*q - 5. Calculate f(h).
-5
Suppose -24439*i = -24434*i + 50. Let m(u) = -7*u**3 - 27*u**2 - 23*u + 15. Let s(v) = -4*v**3 - 14*v**2 - 12*v + 8. Let t(n) = -3*m(n) + 5*s(n). Give t(i).
5
Let m(b) = -b**2 + 14*b - 18. Let l(x) = -55*x - 2243. Let i be l(-41). Give m(i).
6
Suppose -x = 146 - 23. Let o = -130 - x. Let g(c) = -c**2 - 8*c - 10. Determine g(o).
-3
Let f = 121 + -116. Suppose 4*i + i + 5*n = 75, 0 = f*i - 3*n - 59. Let t(g) = g**2 - 12*g - 13. Calculate t(i).
0
Let z(n) = 5*n**2 - 31*n + 22. Let o(g) = -2*g**2 + 15*g - 11. Let s(m) = 7*o(m) + 3*z(m). Let k be -303*3/72 + ((-168)/(-64) - 3). Give s(k).
2
Suppose -20 = 2*p + 2*p. Let w(z) = z**2 + 2*z - 16. Let k be w(p). Let s(v) be the third derivative of -v**6/12 - v**5/60 - v**4/24 + 2*v**2 - 16. Give s(k).
10
Let y(o) = -5*o. Let l(h) = 20*h - 9. Let a be l(1). Suppose -d = 3*u - a - 2, -2*d + 5*u = 18. What is y(d)?
-5
Suppose 135 = 5*f + 110. Let s(o) = 2*o**2 - 3*o + 6. Calculate s(f).
41
Let w(g) = g**2 + 356*g + 4128. Let s be w(-12). Let f(i) = -4 - 22 + 0*i**2 + i - i**2. Determine f(s).
-26
Let p(j) = -j**2 - 9*j - 4. Let r(v) = -2*v - 1. Let s(g) = -p(g) + 4*r(g). Let x(o) = 6*o**2 + o + 4. Let l(b) = -2*s(b) + x(b). Give l(-3).
43
Let v(l) = 8*l**3 + 6*l**3 + 9*l**3 - 5*l**2 + 14 + l - 22*l**3 + 12. Calculate v(4).
14
Let v(q) = 14*q + 13. Let u be (8 + -8)/(-8) + 5 + 0. Determine v(u).
83
Let z(r) = 2*r**3 - 24*r**2 - 26*r + 6. Let g be (-2 + (-1 - -2))/((-15408)/(-468) + -33). Calculate z(g).
6
Let a(f) = -15*f**2 + 7*f + 17. Let w be a(-5). Let l = 389 + w. Let m(p) = 5*p - 5. Give m(l).
-25
Let j(p) = -p**3 + 2*p**2 + 3*p - 3. Suppose 2*c = 2*k + 8, -4*k + 6 = -2*k. Let w be c + (-7 + 0 - -3). Calculate j(w).
-3
Let m(b) = -6*b - 19. Let w be m(-5). Suppose 32 = 3*o + w. Let l(q) = -o*q - 3 - 3 + 1 + q**2 + 4. Give l(6).
-7
Let f = -15478 - -15472. Let l(r) be the third derivative of -r**6/120 - 7*r**5/60 - 7*r**4/24 - r**3 - 5*r**2. Calculate l(f).
0
Suppose 0 = 4*a - 2*a + 12. Let u(j) = -16*j**2 + 45*j**2 + 4 - 4*j**2 + j**3 - 18*j**2 + 3*j. What is u(a)?
22
Let h(f) = 23*f + 14. Let n(s) = -7*s - 3. Let v(m) = -h(m) - 4*n(m). Let o(l) = l - 2. Let c be o(-2). Calculate v(c).
-22
Let u(l) = -11*l**2 + 17*l + 25. Let d(o) = -19*o**2 + 32*o + 46. Let y(r) = 4*d(r) - 7*u(r). Suppose 4*g = 19 - 3. Let w = -10 + g. Determine y(w).
-9
Suppose -4*u + 6*u = 34. Suppose 0 = -r - 2*b + 7*b + u, 0 = -3*r - 4*b - 6. Let d(w) = 0*w - 8*w**2 + 11*w**2 + 4*w + w**r + 3. Determine d(-2).
11
Let g(i) = -5*i**2 - 15*i + 5. Let l(f) = -14*f**2 - 46*f + 17. Let k(o) = 17*g(o) - 6*l(o). Let t be k(20). Let w(a) = -a**3 + a**2 + a - 2. Calculate w(t).
-17
Let a(n) = n**3 - 4*n**2 + 2. Let k(t) = 5*t + 16. Let b be k(-10). Let y be b/119 - (-4)/14*8. Suppose -y*m + 24 = 4*m. What is a(m)?
2